{"id":884,"date":"2025-04-21T19:01:05","date_gmt":"2025-04-21T17:01:05","guid":{"rendered":"https:\/\/doucehalte.fr\/?page_id=884"},"modified":"2026-01-01T19:32:46","modified_gmt":"2026-01-01T18:32:46","slug":"evenements","status":"publish","type":"page","link":"https:\/\/doucehalte.fr\/?page_id=884","title":{"rendered":"EVENEMENTS"},"content":{"rendered":"\t\t<div data-elementor-type=\"wp-page\" data-elementor-id=\"884\" class=\"elementor elementor-884\">\n\t\t\t\t\t\t<section class=\"elementor-section elementor-top-section elementor-element elementor-element-3ab6da6 elementor-section-boxed elementor-section-height-default elementor-section-height-default\" data-id=\"3ab6da6\" data-element_type=\"section\">\n\t\t\t\t\t\t<div class=\"elementor-container elementor-column-gap-default\">\n\t\t\t\t\t<div class=\"elementor-column elementor-col-100 elementor-top-column elementor-element elementor-element-d62e2f3\" data-id=\"d62e2f3\" data-element_type=\"column\">\n\t\t\t<div class=\"elementor-widget-wrap elementor-element-populated\">\n\t\t\t\t\t\t<div class=\"elementor-element elementor-element-8a6b98d elementor-widget elementor-widget-heading\" data-id=\"8a6b98d\" data-element_type=\"widget\" data-widget_type=\"heading.default\">\n\t\t\t\t<div class=\"elementor-widget-container\">\n\t\t\t\t\t<h2 class=\"elementor-heading-title elementor-size-default\">EVENEMENTS<\/h2>\t\t\t\t<\/div>\n\t\t\t\t<\/div>\n\t\t\t\t<div class=\"elementor-element elementor-element-21ed9f8 elementor-widget-divider--view-line elementor-widget elementor-widget-divider\" data-id=\"21ed9f8\" data-element_type=\"widget\" data-widget_type=\"divider.default\">\n\t\t\t\t<div class=\"elementor-widget-container\">\n\t\t\t\t\t\t\t<div class=\"elementor-divider\">\n\t\t\t<span class=\"elementor-divider-separator\">\n\t\t\t\t\t\t<\/span>\n\t\t<\/div>\n\t\t\t\t\t\t<\/div>\n\t\t\t\t<\/div>\n\t\t\t\t<section class=\"elementor-section elementor-inner-section elementor-element elementor-element-08c8eed elementor-section-boxed elementor-section-height-default elementor-section-height-default\" data-id=\"08c8eed\" data-element_type=\"section\">\n\t\t\t\t\t\t<div class=\"elementor-container elementor-column-gap-default\">\n\t\t\t\t\t<div class=\"elementor-column elementor-col-50 elementor-inner-column elementor-element elementor-element-f9cdf7f\" data-id=\"f9cdf7f\" data-element_type=\"column\">\n\t\t\t<div class=\"elementor-widget-wrap elementor-element-populated\">\n\t\t\t\t\t\t<div class=\"elementor-element elementor-element-1343aba elementor-widget elementor-widget-image\" data-id=\"1343aba\" data-element_type=\"widget\" data-widget_type=\"image.default\">\n\t\t\t\t<div class=\"elementor-widget-container\">\n\t\t\t\t\t\t\t\t\t\t\t\t\t\t\t<img fetchpriority=\"high\" decoding=\"async\" width=\"540\" height=\"581\" src=\"https:\/\/doucehalte.fr\/wp-content\/uploads\/2024\/04\/0-26-e1745254139819.jpg\" class=\"attachment-large size-large wp-image-751\" alt=\"\" srcset=\"https:\/\/doucehalte.fr\/wp-content\/uploads\/2024\/04\/0-26-e1745254139819.jpg 540w, https:\/\/doucehalte.fr\/wp-content\/uploads\/2024\/04\/0-26-e1745254139819-279x300.jpg 279w\" sizes=\"(max-width: 540px) 100vw, 540px\" \/>\t\t\t\t\t\t\t\t\t\t\t\t\t\t\t<\/div>\n\t\t\t\t<\/div>\n\t\t\t\t\t<\/div>\n\t\t<\/div>\n\t\t\t\t<div class=\"elementor-column elementor-col-50 elementor-inner-column elementor-element elementor-element-8548efb\" data-id=\"8548efb\" data-element_type=\"column\">\n\t\t\t<div class=\"elementor-widget-wrap elementor-element-populated\">\n\t\t\t\t\t\t<div class=\"elementor-element elementor-element-cbb1867 elementor-widget elementor-widget-image\" data-id=\"cbb1867\" data-element_type=\"widget\" data-widget_type=\"image.default\">\n\t\t\t\t<div class=\"elementor-widget-container\">\n\t\t\t\t\t\t\t\t\t\t\t\t\t\t\t<img decoding=\"async\" width=\"479\" height=\"508\" src=\"https:\/\/doucehalte.fr\/wp-content\/uploads\/2025\/04\/0-7-e1745254157619.jpg\" class=\"attachment-large size-large wp-image-886\" alt=\"\" srcset=\"https:\/\/doucehalte.fr\/wp-content\/uploads\/2025\/04\/0-7-e1745254157619.jpg 479w, https:\/\/doucehalte.fr\/wp-content\/uploads\/2025\/04\/0-7-e1745254157619-283x300.jpg 283w\" sizes=\"(max-width: 479px) 100vw, 479px\" \/>\t\t\t\t\t\t\t\t\t\t\t\t\t\t\t<\/div>\n\t\t\t\t<\/div>\n\t\t\t\t\t<\/div>\n\t\t<\/div>\n\t\t\t\t\t<\/div>\n\t\t<\/section>\n\t\t\t\t<div class=\"elementor-element elementor-element-135b57d elementor-widget elementor-widget-spacer\" data-id=\"135b57d\" data-element_type=\"widget\" data-widget_type=\"spacer.default\">\n\t\t\t\t<div class=\"elementor-widget-container\">\n\t\t\t\t\t\t\t<div class=\"elementor-spacer\">\n\t\t\t<div class=\"elementor-spacer-inner\"><\/div>\n\t\t<\/div>\n\t\t\t\t\t\t<\/div>\n\t\t\t\t<\/div>\n\t\t\t\t<div class=\"elementor-element elementor-element-319ae4f elementor-widget elementor-widget-text-editor\" data-id=\"319ae4f\" data-element_type=\"widget\" data-widget_type=\"text-editor.default\">\n\t\t\t\t<div class=\"elementor-widget-container\">\n\t\t\t\t\t\t\t\t\t<div class=\"elementor-element elementor-element-8826cf3 elementor-widget elementor-widget-heading\" data-id=\"8826cf3\" data-element_type=\"widget\" data-widget_type=\"heading.default\"><div class=\"elementor-widget-container\"><h2 class=\"elementor-heading-title elementor-size-default\">Number Cake, Latter Cake, Layer Cake &amp; Pi\u00e8ce mont\u00e9e\u00a0<\/h2><\/div><\/div><div class=\"elementor-element elementor-element-b3c23ea elementor-widget elementor-widget-text-editor\" data-id=\"b3c23ea\" data-element_type=\"widget\" data-widget_type=\"text-editor.default\"><div class=\"elementor-widget-container\"><p>D\u00e9clinable en fonction de votre demande et de la saison, n\u2019h\u00e9sitez pas \u00e0 me contacter.<\/p><ul><li>Tarif : Sur devis<\/li><\/ul><\/div><\/div>\t\t\t\t\t\t\t\t<\/div>\n\t\t\t\t<\/div>\n\t\t\t\t\t<\/div>\n\t\t<\/div>\n\t\t\t\t\t<\/div>\n\t\t<\/section>\n\t\t\t\t<section class=\"elementor-section elementor-top-section elementor-element elementor-element-2fa953e elementor-section-boxed elementor-section-height-default elementor-section-height-default\" data-id=\"2fa953e\" data-element_type=\"section\">\n\t\t\t\t\t\t<div class=\"elementor-container elementor-column-gap-default\">\n\t\t\t\t\t<div class=\"elementor-column elementor-col-100 elementor-top-column elementor-element elementor-element-f73a08e\" data-id=\"f73a08e\" data-element_type=\"column\">\n\t\t\t<div class=\"elementor-widget-wrap elementor-element-populated\">\n\t\t\t\t\t\t<div class=\"elementor-element elementor-element-149299b elementor-widget-divider--view-line elementor-widget elementor-widget-divider\" data-id=\"149299b\" data-element_type=\"widget\" data-widget_type=\"divider.default\">\n\t\t\t\t<div class=\"elementor-widget-container\">\n\t\t\t\t\t\t\t<div class=\"elementor-divider\">\n\t\t\t<span class=\"elementor-divider-separator\">\n\t\t\t\t\t\t<\/span>\n\t\t<\/div>\n\t\t\t\t\t\t<\/div>\n\t\t\t\t<\/div>\n\t\t\t\t<div class=\"elementor-element elementor-element-5c94ae5 elementor-widget elementor-widget-heading\" data-id=\"5c94ae5\" data-element_type=\"widget\" data-widget_type=\"heading.default\">\n\t\t\t\t<div class=\"elementor-widget-container\">\n\t\t\t\t\t<h2 class=\"elementor-heading-title elementor-size-default\">MIGNARDISES<\/h2>\t\t\t\t<\/div>\n\t\t\t\t<\/div>\n\t\t\t\t<section class=\"elementor-section elementor-inner-section elementor-element elementor-element-4e63f57 elementor-section-boxed elementor-section-height-default elementor-section-height-default\" data-id=\"4e63f57\" data-element_type=\"section\">\n\t\t\t\t\t\t<div class=\"elementor-container elementor-column-gap-default\">\n\t\t\t\t\t<div class=\"elementor-column elementor-col-50 elementor-inner-column elementor-element elementor-element-5497963\" data-id=\"5497963\" data-element_type=\"column\">\n\t\t\t<div class=\"elementor-widget-wrap elementor-element-populated\">\n\t\t\t\t\t\t<div class=\"elementor-element elementor-element-1fd9181 elementor-widget elementor-widget-image\" data-id=\"1fd9181\" data-element_type=\"widget\" data-widget_type=\"image.default\">\n\t\t\t\t<div class=\"elementor-widget-container\">\n\t\t\t\t\t\t\t\t\t\t\t\t\t\t\t<img decoding=\"async\" width=\"404\" height=\"719\" src=\"https:\/\/doucehalte.fr\/wp-content\/uploads\/2025\/04\/0-8.jpg\" class=\"attachment-large size-large wp-image-887\" alt=\"\" srcset=\"https:\/\/doucehalte.fr\/wp-content\/uploads\/2025\/04\/0-8.jpg 404w, https:\/\/doucehalte.fr\/wp-content\/uploads\/2025\/04\/0-8-169x300.jpg 169w\" sizes=\"(max-width: 404px) 100vw, 404px\" \/>\t\t\t\t\t\t\t\t\t\t\t\t\t\t\t<\/div>\n\t\t\t\t<\/div>\n\t\t\t\t\t<\/div>\n\t\t<\/div>\n\t\t\t\t<div class=\"elementor-column elementor-col-50 elementor-inner-column elementor-element elementor-element-7262bee\" data-id=\"7262bee\" data-element_type=\"column\">\n\t\t\t<div class=\"elementor-widget-wrap elementor-element-populated\">\n\t\t\t\t\t\t<div class=\"elementor-element elementor-element-7611855 elementor-widget elementor-widget-text-editor\" data-id=\"7611855\" data-element_type=\"widget\" data-widget_type=\"text-editor.default\">\n\t\t\t\t<div class=\"elementor-widget-container\">\n\t\t\t\t\t\t\t\t\t<ul><li><span style=\"vertical-align: inherit;\"><span style=\"vertical-align: inherit;\"><span style=\"vertical-align: inherit;\"><span style=\"vertical-align: inherit;\"><span style=\"vertical-align: inherit;\"><span style=\"vertical-align: inherit;\"><span style=\"vertical-align: inherit;\"><span style=\"vertical-align: inherit;\"><span style=\"vertical-align: inherit;\"><span style=\"vertical-align: inherit;\">Lot de 12 mini paris-brest : 14 \u20ac<\/span><\/span><\/span><\/span><\/span><\/span><\/span><\/span><\/span><\/span><\/li><li><span style=\"vertical-align: inherit;\"><span style=\"vertical-align: inherit;\"><span style=\"vertical-align: inherit;\"><span style=\"vertical-align: inherit;\"><span style=\"vertical-align: inherit;\"><span style=\"vertical-align: inherit;\"><span style=\"vertical-align: inherit;\"><span style=\"vertical-align: inherit;\"><span style=\"vertical-align: inherit;\"><span style=\"vertical-align: inherit;\">Lot de 24 mini paris-brest : 28 \u20ac<\/span><\/span><\/span><\/span><\/span><\/span><\/span><\/span><\/span><\/span><\/li><li><span style=\"vertical-align: inherit;\"><span style=\"vertical-align: inherit;\"><span style=\"vertical-align: inherit;\"><span style=\"vertical-align: inherit;\"><span style=\"vertical-align: inherit;\"><span style=\"vertical-align: inherit;\"><span style=\"vertical-align: inherit;\"><span style=\"vertical-align: inherit;\"><span style=\"vertical-align: inherit;\"><span style=\"vertical-align: inherit;\">Lot de 12 mini choux citron\/pralin\u00e9 : 14 \u20ac<\/span><\/span><\/span><\/span><\/span><\/span><\/span><\/span><\/span><\/span><\/li><li><span style=\"vertical-align: inherit;\"><span style=\"vertical-align: inherit;\"><span style=\"vertical-align: inherit;\"><span style=\"vertical-align: inherit;\"><span style=\"vertical-align: inherit;\"><span style=\"vertical-align: inherit;\"><span style=\"vertical-align: inherit;\"><span style=\"vertical-align: inherit;\"><span style=\"vertical-align: inherit;\"><span style=\"vertical-align: inherit;\">Lot de 24 mini choux citron\/pralin\u00e9 : 28 \u20ac<\/span><\/span><\/span><\/span><\/span><\/span><\/span><\/span><\/span><\/span><\/li><li><span style=\"vertical-align: inherit;\"><span style=\"vertical-align: inherit;\"><span style=\"vertical-align: inherit;\"><span style=\"vertical-align: inherit;\"><span style=\"vertical-align: inherit;\"><span style=\"vertical-align: inherit;\"><span style=\"vertical-align: inherit;\"><span style=\"vertical-align: inherit;\"><span style=\"vertical-align: inherit;\"><span style=\"vertical-align: inherit;\">Lot de 12 sabl\u00e9s au fruit et \u00e0 la vanille : 14 \u20ac<\/span><\/span><\/span><\/span><\/span><\/span><\/span><\/span><\/span><\/span><\/li><li><span style=\"vertical-align: inherit;\"><span style=\"vertical-align: inherit;\"><span style=\"vertical-align: inherit;\"><span style=\"vertical-align: inherit;\"><span style=\"vertical-align: inherit;\"><span style=\"vertical-align: inherit;\"><span style=\"vertical-align: inherit;\"><span style=\"vertical-align: inherit;\"><span style=\"vertical-align: inherit;\"><span style=\"vertical-align: inherit;\">Lot de 24 sabl\u00e9s au fruit et \u00e0 la vanille : 28 \u20ac<\/span><\/span><\/span><\/span><\/span><\/span><\/span><\/span><\/span><\/span><\/li><li><span style=\"vertical-align: inherit;\"><span style=\"vertical-align: inherit;\"><span style=\"vertical-align: inherit;\"><span style=\"vertical-align: inherit;\"><span style=\"vertical-align: inherit;\"><span style=\"vertical-align: inherit;\"><span style=\"vertical-align: inherit;\"><span style=\"vertical-align: inherit;\"><span style=\"vertical-align: inherit;\"><span style=\"vertical-align: inherit;\">Lot de 12 mini brownies : 14 \u20ac<\/span><\/span><\/span><\/span><\/span><\/span><\/span><\/span><\/span><\/span><\/li><li><span style=\"vertical-align: inherit;\"><span style=\"vertical-align: inherit;\"><span style=\"vertical-align: inherit;\"><span style=\"vertical-align: inherit;\"><span style=\"vertical-align: inherit;\"><span style=\"vertical-align: inherit;\"><span style=\"vertical-align: inherit;\"><span style=\"vertical-align: inherit;\"><span style=\"vertical-align: inherit;\"><span style=\"vertical-align: inherit;\">Lot de 24 mini brownies : 28 \u20ac<\/span><\/span><\/span><\/span><\/span><\/span><\/span><\/span><\/span><\/span><\/li><li><span style=\"vertical-align: inherit;\"><span style=\"vertical-align: inherit;\"><span style=\"vertical-align: inherit;\"><span style=\"vertical-align: inherit;\"><span style=\"vertical-align: inherit;\"><span style=\"vertical-align: inherit;\"><span style=\"vertical-align: inherit;\"><span style=\"vertical-align: inherit;\"><span style=\"vertical-align: inherit;\"><span style=\"vertical-align: inherit;\">Lot de 16 mini financiers : 10 \u20ac<\/span><\/span><\/span><\/span><\/span><\/span><\/span><\/span><\/span><\/span><\/li><li><span style=\"vertical-align: inherit;\"><span style=\"vertical-align: inherit;\"><span style=\"vertical-align: inherit;\"><span style=\"vertical-align: inherit;\"><span style=\"vertical-align: inherit;\"><span style=\"vertical-align: inherit;\"><span style=\"vertical-align: inherit;\"><span style=\"vertical-align: inherit;\"><span style=\"vertical-align: inherit;\"><span style=\"vertical-align: inherit;\">Lot de 32 mini financiers : 20 \u20ac<\/span><\/span><\/span><\/span><\/span><\/span><\/span><\/span><\/span><\/span><\/li><\/ul><p><em><span style=\"vertical-align: inherit;\"><span style=\"vertical-align: inherit;\"><span style=\"vertical-align: inherit;\"><span style=\"vertical-align: inherit;\"><span style=\"vertical-align: inherit;\"><span style=\"vertical-align: inherit;\"><span style=\"vertical-align: inherit;\"><span style=\"vertical-align: inherit;\"><span style=\"vertical-align: inherit;\"><span style=\"vertical-align: inherit;\">N&#8217;h\u00e9sitez pas \u00e0 me poser des questions <\/span><\/span><\/span><\/span><\/span><\/span><\/span><\/span><\/span><\/span><\/em><em><span style=\"vertical-align: inherit;\"><span style=\"vertical-align: inherit;\"><span style=\"vertical-align: inherit;\"><span style=\"vertical-align: inherit;\"><span style=\"vertical-align: inherit;\"><span style=\"vertical-align: inherit;\"><span style=\"vertical-align: inherit;\"><span style=\"vertical-align: inherit;\"><span style=\"vertical-align: inherit;\"><span style=\"vertical-align: inherit;\">.<\/span><\/span><\/span><\/span><\/span><\/span><\/span><\/span><\/span><\/span><\/em><\/p>\t\t\t\t\t\t\t\t<\/div>\n\t\t\t\t<\/div>\n\t\t\t\t\t<\/div>\n\t\t<\/div>\n\t\t\t\t\t<\/div>\n\t\t<\/section>\n\t\t\t\t\t<\/div>\n\t\t<\/div>\n\t\t\t\t\t<\/div>\n\t\t<\/section>\n\t\t\t\t<section class=\"elementor-section elementor-top-section elementor-element elementor-element-370f1e8 elementor-section-boxed elementor-section-height-default elementor-section-height-default\" data-id=\"370f1e8\" data-element_type=\"section\">\n\t\t\t\t\t\t<div class=\"elementor-container elementor-column-gap-default\">\n\t\t\t\t\t<div class=\"elementor-column elementor-col-100 elementor-top-column elementor-element elementor-element-4871c61\" data-id=\"4871c61\" data-element_type=\"column\">\n\t\t\t<div class=\"elementor-widget-wrap elementor-element-populated\">\n\t\t\t\t\t\t<section class=\"elementor-section elementor-inner-section elementor-element elementor-element-45b47fb elementor-section-boxed elementor-section-height-default elementor-section-height-default\" data-id=\"45b47fb\" data-element_type=\"section\">\n\t\t\t\t\t\t<div class=\"elementor-container elementor-column-gap-default\">\n\t\t\t\t\t<div class=\"elementor-column elementor-col-50 elementor-inner-column elementor-element elementor-element-0f4daf3\" data-id=\"0f4daf3\" data-element_type=\"column\">\n\t\t\t<div class=\"elementor-widget-wrap elementor-element-populated\">\n\t\t\t\t\t\t<div class=\"elementor-element elementor-element-e7dde19 elementor-widget elementor-widget-image\" data-id=\"e7dde19\" data-element_type=\"widget\" data-widget_type=\"image.default\">\n\t\t\t\t<div class=\"elementor-widget-container\">\n\t\t\t\t\t\t\t\t\t\t\t\t\t\t\t<img loading=\"lazy\" decoding=\"async\" width=\"404\" height=\"719\" src=\"https:\/\/doucehalte.fr\/wp-content\/uploads\/2025\/04\/0-9.jpg\" class=\"attachment-large size-large wp-image-888\" alt=\"\" srcset=\"https:\/\/doucehalte.fr\/wp-content\/uploads\/2025\/04\/0-9.jpg 404w, https:\/\/doucehalte.fr\/wp-content\/uploads\/2025\/04\/0-9-169x300.jpg 169w\" sizes=\"(max-width: 404px) 100vw, 404px\" \/>\t\t\t\t\t\t\t\t\t\t\t\t\t\t\t<\/div>\n\t\t\t\t<\/div>\n\t\t\t\t\t<\/div>\n\t\t<\/div>\n\t\t\t\t<div class=\"elementor-column elementor-col-50 elementor-inner-column elementor-element elementor-element-dbeb329\" data-id=\"dbeb329\" data-element_type=\"column\">\n\t\t\t<div class=\"elementor-widget-wrap elementor-element-populated\">\n\t\t\t\t\t\t<div class=\"elementor-element elementor-element-10308c7 elementor-widget elementor-widget-image\" data-id=\"10308c7\" data-element_type=\"widget\" data-widget_type=\"image.default\">\n\t\t\t\t<div class=\"elementor-widget-container\">\n\t\t\t\t\t\t\t\t\t\t\t\t\t\t\t<img loading=\"lazy\" decoding=\"async\" width=\"479\" height=\"719\" src=\"https:\/\/doucehalte.fr\/wp-content\/uploads\/2025\/04\/0-6.jpg\" class=\"attachment-large size-large wp-image-889\" alt=\"\" srcset=\"https:\/\/doucehalte.fr\/wp-content\/uploads\/2025\/04\/0-6.jpg 479w, https:\/\/doucehalte.fr\/wp-content\/uploads\/2025\/04\/0-6-200x300.jpg 200w\" sizes=\"(max-width: 479px) 100vw, 479px\" \/>\t\t\t\t\t\t\t\t\t\t\t\t\t\t\t<\/div>\n\t\t\t\t<\/div>\n\t\t\t\t\t<\/div>\n\t\t<\/div>\n\t\t\t\t\t<\/div>\n\t\t<\/section>\n\t\t\t\t\t<\/div>\n\t\t<\/div>\n\t\t\t\t\t<\/div>\n\t\t<\/section>\n\t\t\t\t<\/div>\n\t\t","protected":false},"excerpt":{"rendered":"<p>EVENEMENTS Number Cake, Latter Cake, Layer Cake &amp; Pi\u00e8ce mont\u00e9e\u00a0 D\u00e9clinable en fonction de votre demande et de la saison, n\u2019h\u00e9sitez pas \u00e0 me contacter. Tarif : Sur devis MIGNARDISES Lot de 12 mini paris-brest : 14 \u20ac Lot de 24 mini paris-brest : 28 \u20ac Lot de 12 mini choux citron\/pralin\u00e9 : 14 \u20ac [&hellip;]<\/p>\n","protected":false},"author":1,"featured_media":0,"parent":0,"menu_order":0,"comment_status":"closed","ping_status":"closed","template":"","meta":{"footnotes":""},"yoast_head":"<!-- This site is optimized with the Yoast SEO plugin v21.5 - https:\/\/yoast.com\/wordpress\/plugins\/seo\/ -->\n<title>EVENEMENTS - DOUCE HALTE - Tarn et Garonne - Livraison<\/title>\n<meta name=\"description\" content=\"De gourmands numbers cakes et de belles pi\u00e8ces mont\u00e9es pour vos \u00e9v\u00e8nements. Retrouvez-moi \u00e0 10 minutes de Montauban pour un premier contact et devis.\" \/>\n<meta name=\"robots\" content=\"index, follow, max-snippet:-1, max-image-preview:large, max-video-preview:-1\" \/>\n<link rel=\"canonical\" href=\"https:\/\/doucehalte.fr\/?page_id=884\" \/>\n<meta property=\"og:locale\" content=\"en_US\" \/>\n<meta property=\"og:type\" content=\"article\" \/>\n<meta property=\"og:title\" content=\"EVENEMENTS - DOUCE HALTE - Tarn et Garonne - Livraison\" \/>\n<meta property=\"og:description\" content=\"De gourmands numbers cakes et de belles pi\u00e8ces mont\u00e9es pour vos \u00e9v\u00e8nements. Retrouvez-moi \u00e0 10 minutes de Montauban pour un premier contact et devis.\" \/>\n<meta property=\"og:url\" content=\"https:\/\/doucehalte.fr\/?page_id=884\" \/>\n<meta property=\"og:site_name\" content=\"DOUCE HALTE\" \/>\n<meta property=\"article:publisher\" content=\"https:\/\/www.facebook.com\/profile.php?id=61550667375401\" \/>\n<meta property=\"article:modified_time\" content=\"2026-01-01T18:32:46+00:00\" \/>\n<meta property=\"og:image\" content=\"http:\/\/doucehalte.fr\/wp-content\/uploads\/2024\/04\/0-26-e1745254139819.jpg\" \/>\n<meta name=\"twitter:card\" content=\"summary_large_image\" \/>\n<meta name=\"twitter:label1\" content=\"Est. reading time\" \/>\n\t<meta name=\"twitter:data1\" content=\"2 minutes\" \/>\n<script type=\"application\/ld+json\" class=\"yoast-schema-graph\">{\"@context\":\"https:\/\/schema.org\",\"@graph\":[{\"@type\":\"WebPage\",\"@id\":\"https:\/\/doucehalte.fr\/?page_id=884\",\"url\":\"https:\/\/doucehalte.fr\/?page_id=884\",\"name\":\"EVENEMENTS - DOUCE HALTE - Tarn et Garonne - Livraison\",\"isPartOf\":{\"@id\":\"https:\/\/doucehalte.fr\/#website\"},\"datePublished\":\"2025-04-21T17:01:05+00:00\",\"dateModified\":\"2026-01-01T18:32:46+00:00\",\"description\":\"De gourmands numbers cakes et de belles pi\u00e8ces mont\u00e9es pour vos \u00e9v\u00e8nements. Retrouvez-moi \u00e0 10 minutes de Montauban pour un premier contact et devis.\",\"breadcrumb\":{\"@id\":\"https:\/\/doucehalte.fr\/?page_id=884#breadcrumb\"},\"inLanguage\":\"en-US\",\"potentialAction\":[{\"@type\":\"ReadAction\",\"target\":[\"https:\/\/doucehalte.fr\/?page_id=884\"]}]},{\"@type\":\"BreadcrumbList\",\"@id\":\"https:\/\/doucehalte.fr\/?page_id=884#breadcrumb\",\"itemListElement\":[{\"@type\":\"ListItem\",\"position\":1,\"name\":\"Accueil\",\"item\":\"https:\/\/doucehalte.fr\/\"},{\"@type\":\"ListItem\",\"position\":2,\"name\":\"EVENEMENTS\"}]},{\"@type\":\"WebSite\",\"@id\":\"https:\/\/doucehalte.fr\/#website\",\"url\":\"https:\/\/doucehalte.fr\/\",\"name\":\"Douce Halte\",\"description\":\"\",\"publisher\":{\"@id\":\"https:\/\/doucehalte.fr\/#organization\"},\"potentialAction\":[{\"@type\":\"SearchAction\",\"target\":{\"@type\":\"EntryPoint\",\"urlTemplate\":\"https:\/\/doucehalte.fr\/?s={search_term_string}\"},\"query-input\":\"required name=search_term_string\"}],\"inLanguage\":\"en-US\"},{\"@type\":\"Organization\",\"@id\":\"https:\/\/doucehalte.fr\/#organization\",\"name\":\"P\u00e2tisserie\",\"url\":\"https:\/\/doucehalte.fr\/\",\"logo\":{\"@type\":\"ImageObject\",\"inLanguage\":\"en-US\",\"@id\":\"https:\/\/doucehalte.fr\/#\/schema\/logo\/image\/\",\"url\":\"https:\/\/doucehalte.fr\/wp-content\/uploads\/2023\/09\/cropped-cropped-Capture-decran-2023-09-05-a-16.43.10-3.png\",\"contentUrl\":\"https:\/\/doucehalte.fr\/wp-content\/uploads\/2023\/09\/cropped-cropped-Capture-decran-2023-09-05-a-16.43.10-3.png\",\"width\":512,\"height\":381,\"caption\":\"P\u00e2tisserie\"},\"image\":{\"@id\":\"https:\/\/doucehalte.fr\/#\/schema\/logo\/image\/\"},\"sameAs\":[\"https:\/\/www.facebook.com\/profile.php?id=61550667375401\",\"https:\/\/www.instagram.com\/doucehalte\/\"]}]}<\/script>\n<!-- \/ Yoast SEO plugin. -->","yoast_head_json":{"title":"EVENEMENTS - DOUCE HALTE - Tarn et Garonne - Livraison","description":"De gourmands numbers cakes et de belles pi\u00e8ces mont\u00e9es pour vos \u00e9v\u00e8nements. Retrouvez-moi \u00e0 10 minutes de Montauban pour un premier contact et devis.","robots":{"index":"index","follow":"follow","max-snippet":"max-snippet:-1","max-image-preview":"max-image-preview:large","max-video-preview":"max-video-preview:-1"},"canonical":"https:\/\/doucehalte.fr\/?page_id=884","og_locale":"en_US","og_type":"article","og_title":"EVENEMENTS - DOUCE HALTE - Tarn et Garonne - Livraison","og_description":"De gourmands numbers cakes et de belles pi\u00e8ces mont\u00e9es pour vos \u00e9v\u00e8nements. Retrouvez-moi \u00e0 10 minutes de Montauban pour un premier contact et devis.","og_url":"https:\/\/doucehalte.fr\/?page_id=884","og_site_name":"DOUCE HALTE","article_publisher":"https:\/\/www.facebook.com\/profile.php?id=61550667375401","article_modified_time":"2026-01-01T18:32:46+00:00","og_image":[{"url":"http:\/\/doucehalte.fr\/wp-content\/uploads\/2024\/04\/0-26-e1745254139819.jpg"}],"twitter_card":"summary_large_image","twitter_misc":{"Est. reading time":"2 minutes"},"schema":{"@context":"https:\/\/schema.org","@graph":[{"@type":"WebPage","@id":"https:\/\/doucehalte.fr\/?page_id=884","url":"https:\/\/doucehalte.fr\/?page_id=884","name":"EVENEMENTS - DOUCE HALTE - Tarn et Garonne - Livraison","isPartOf":{"@id":"https:\/\/doucehalte.fr\/#website"},"datePublished":"2025-04-21T17:01:05+00:00","dateModified":"2026-01-01T18:32:46+00:00","description":"De gourmands numbers cakes et de belles pi\u00e8ces mont\u00e9es pour vos \u00e9v\u00e8nements. Retrouvez-moi \u00e0 10 minutes de Montauban pour un premier contact et devis.","breadcrumb":{"@id":"https:\/\/doucehalte.fr\/?page_id=884#breadcrumb"},"inLanguage":"en-US","potentialAction":[{"@type":"ReadAction","target":["https:\/\/doucehalte.fr\/?page_id=884"]}]},{"@type":"BreadcrumbList","@id":"https:\/\/doucehalte.fr\/?page_id=884#breadcrumb","itemListElement":[{"@type":"ListItem","position":1,"name":"Accueil","item":"https:\/\/doucehalte.fr\/"},{"@type":"ListItem","position":2,"name":"EVENEMENTS"}]},{"@type":"WebSite","@id":"https:\/\/doucehalte.fr\/#website","url":"https:\/\/doucehalte.fr\/","name":"Douce Halte","description":"","publisher":{"@id":"https:\/\/doucehalte.fr\/#organization"},"potentialAction":[{"@type":"SearchAction","target":{"@type":"EntryPoint","urlTemplate":"https:\/\/doucehalte.fr\/?s={search_term_string}"},"query-input":"required name=search_term_string"}],"inLanguage":"en-US"},{"@type":"Organization","@id":"https:\/\/doucehalte.fr\/#organization","name":"P\u00e2tisserie","url":"https:\/\/doucehalte.fr\/","logo":{"@type":"ImageObject","inLanguage":"en-US","@id":"https:\/\/doucehalte.fr\/#\/schema\/logo\/image\/","url":"https:\/\/doucehalte.fr\/wp-content\/uploads\/2023\/09\/cropped-cropped-Capture-decran-2023-09-05-a-16.43.10-3.png","contentUrl":"https:\/\/doucehalte.fr\/wp-content\/uploads\/2023\/09\/cropped-cropped-Capture-decran-2023-09-05-a-16.43.10-3.png","width":512,"height":381,"caption":"P\u00e2tisserie"},"image":{"@id":"https:\/\/doucehalte.fr\/#\/schema\/logo\/image\/"},"sameAs":["https:\/\/www.facebook.com\/profile.php?id=61550667375401","https:\/\/www.instagram.com\/doucehalte\/"]}]}},"_links":{"self":[{"href":"https:\/\/doucehalte.fr\/index.php?rest_route=\/wp\/v2\/pages\/884"}],"collection":[{"href":"https:\/\/doucehalte.fr\/index.php?rest_route=\/wp\/v2\/pages"}],"about":[{"href":"https:\/\/doucehalte.fr\/index.php?rest_route=\/wp\/v2\/types\/page"}],"author":[{"embeddable":true,"href":"https:\/\/doucehalte.fr\/index.php?rest_route=\/wp\/v2\/users\/1"}],"replies":[{"embeddable":true,"href":"https:\/\/doucehalte.fr\/index.php?rest_route=%2Fwp%2Fv2%2Fcomments&post=884"}],"version-history":[{"count":8,"href":"https:\/\/doucehalte.fr\/index.php?rest_route=\/wp\/v2\/pages\/884\/revisions"}],"predecessor-version":[{"id":989,"href":"https:\/\/doucehalte.fr\/index.php?rest_route=\/wp\/v2\/pages\/884\/revisions\/989"}],"wp:attachment":[{"href":"https:\/\/doucehalte.fr\/index.php?rest_route=%2Fwp%2Fv2%2Fmedia&parent=884"}],"curies":[{"name":"wp","href":"https:\/\/api.w.org\/{rel}","templated":true}]}}