{"id":28,"date":"2023-09-11T16:28:26","date_gmt":"2023-09-11T14:28:26","guid":{"rendered":"https:\/\/doucehalte.fr\/?page_id=28"},"modified":"2026-02-18T22:20:49","modified_gmt":"2026-02-18T21:20:49","slug":"a-propos-2","status":"publish","type":"page","link":"https:\/\/doucehalte.fr\/?page_id=28","title":{"rendered":"\u00c0 propos de"},"content":{"rendered":"<p><img loading=\"lazy\" decoding=\"async\" width=\"500\" height=\"276\" src=\"http:\/\/doucehalte.fr\/wp-content\/uploads\/2023\/09\/Design-sans-titre-1-copie-1-e1695397571359.png\" alt=\"\" loading=\"lazy\" srcset=\"https:\/\/doucehalte.fr\/wp-content\/uploads\/2023\/09\/Design-sans-titre-1-copie-1-e1695397571359.png 500w, https:\/\/doucehalte.fr\/wp-content\/uploads\/2023\/09\/Design-sans-titre-1-copie-1-e1695397571359-300x166.png 300w\" sizes=\"(max-width: 500px) 100vw, 500px\" \/><\/p>\n<h2>POURQUOI Douce Halte ET QUI SUIS-JE ?<\/h2>\n<p>&#8220;<strong>Douce Halte<\/strong>&nbsp;c\u2019est avant tout une pause, une bulle, l\u2019occasion de couper du quotidien, souvent stressant. Prendre un temps pour soi, pour s\u2019\u00e9vader, voyager hors de nos routines, oser l\u2019inconnu. C\u2019est, le temps d\u2019un instant, s\u2019abandonner \u00e0 la gourmandise, faire confiance, enfin, \u00e0 ses papilles.&#8221;<\/p>\n<p><img loading=\"lazy\" decoding=\"async\" width=\"574\" height=\"718\" src=\"http:\/\/doucehalte.fr\/wp-content\/uploads\/2023\/09\/0-5.jpeg\" alt=\"\" loading=\"lazy\" srcset=\"https:\/\/doucehalte.fr\/wp-content\/uploads\/2023\/09\/0-5.jpeg 574w, https:\/\/doucehalte.fr\/wp-content\/uploads\/2023\/09\/0-5-240x300.jpeg 240w\" sizes=\"(max-width: 574px) 100vw, 574px\" \/><br \/>\n<img loading=\"lazy\" decoding=\"async\" width=\"768\" height=\"1024\" src=\"http:\/\/doucehalte.fr\/wp-content\/uploads\/2023\/10\/IMG-20230927-WA00143-768x1024.jpg\" alt=\"\" loading=\"lazy\" srcset=\"https:\/\/doucehalte.fr\/wp-content\/uploads\/2023\/10\/IMG-20230927-WA00143-768x1024.jpg 768w, https:\/\/doucehalte.fr\/wp-content\/uploads\/2023\/10\/IMG-20230927-WA00143-225x300.jpg 225w, https:\/\/doucehalte.fr\/wp-content\/uploads\/2023\/10\/IMG-20230927-WA00143-1152x1536.jpg 1152w, https:\/\/doucehalte.fr\/wp-content\/uploads\/2023\/10\/IMG-20230927-WA00143.jpg 1536w\" sizes=\"(max-width: 768px) 100vw, 768px\" \/><\/p>\n<p>Tout d\u00e9marre quand d\u00e9j\u00e0 petite, je voyais ma m\u00e8re faire des g\u00e2teaux pour tous les repas du dimanche. Etant donn\u00e9 que la gourmandise m\u2019a tr\u00e8s vite fait de l\u2019oeil, j\u2019ai surtout commenc\u00e9 par essuyer les plats de chocolat \u00e0 la petite cuill\u00e8re avec ma s\u0153ur\u2026<\/p>\n<p>Suite a l\u2019obtention du CAP p\u00e2tisserie, les al\u00e9as de la vie m\u2019ont contraint \u00e0 m\u2019\u00e9carter, un temps, de ce m\u00e9tier, pour enchainer diff\u00e9rentes exp\u00e9riences professionnelles qui m&#8217;ont n\u00e9anmoins apport\u00e9 bon nombre de qualit\u00e9s indispensables au succ\u00e8s d\u2019une p\u00e2tissi\u00e8re.<\/p>\n<p>Les g\u00e2teaux n\u2019ont cependant jamais quitt\u00e9 mon esprit, comme un r\u00eave inconscient et permanent. C\u2019est pourquoi, me lancer \u00e0 mon compte, cr\u00e9er mes recettes et faire d\u00e9couvrir mes p\u00e2tisseries est la seule aventure qui puisse me faire vibrer.&nbsp;<\/p>\n<p>J\u2019ai aujourd&#8217;hui le courage de me lancer, avec de belles propositions de p\u00e2tisseries color\u00e9es et gustatives sur commande.<\/p>\n<p>Un tr\u00e8s beau d\u00e9but pour moi, une motivation suppl\u00e9mentaire pour me faire &nbsp;progresser, apprendre et, je l&#8217;esp\u00e8re, r\u00e9ussir \u00e0 conqu\u00e9rir vos papilles \u00e0 travers une farandole de gourmandises et de douceurs.<\/p>\n","protected":false},"excerpt":{"rendered":"<p>POURQUOI Douce Halte ET QUI SUIS-JE ? &#8220;Douce Halte&nbsp;c\u2019est avant tout une pause, une bulle, l\u2019occasion de couper du quotidien, souvent stressant. Prendre un temps pour soi, pour s\u2019\u00e9vader, voyager hors de nos routines, oser l\u2019inconnu. C\u2019est, le temps d\u2019un instant, s\u2019abandonner \u00e0 la gourmandise, faire confiance, enfin, \u00e0 ses papilles.&#8221; Tout d\u00e9marre quand d\u00e9j\u00e0 [&hellip;]<\/p>\n","protected":false},"author":1,"featured_media":0,"parent":0,"menu_order":0,"comment_status":"closed","ping_status":"closed","template":"","meta":{"footnotes":""},"yoast_head":"<!-- This site is optimized with the Yoast SEO plugin v21.5 - https:\/\/yoast.com\/wordpress\/plugins\/seo\/ -->\n<title>\u00c0 propos de<\/title>\n<meta name=\"description\" content=\"Vous cherchez une p\u00e2tisserie color\u00e9e et gustative sur Montauban, venez d\u00e9couvrir mon univers.\" \/>\n<meta name=\"robots\" content=\"index, follow, max-snippet:-1, max-image-preview:large, max-video-preview:-1\" \/>\n<link rel=\"canonical\" href=\"https:\/\/doucehalte.fr\/?page_id=28\" \/>\n<meta property=\"og:locale\" content=\"en_US\" \/>\n<meta property=\"og:type\" content=\"article\" \/>\n<meta property=\"og:title\" content=\"\u00c0 propos de\" \/>\n<meta property=\"og:description\" content=\"Vous cherchez une p\u00e2tisserie color\u00e9e et gustative sur Montauban, venez d\u00e9couvrir mon univers.\" \/>\n<meta property=\"og:url\" content=\"https:\/\/doucehalte.fr\/?page_id=28\" \/>\n<meta property=\"og:site_name\" content=\"DOUCE HALTE\" \/>\n<meta property=\"article:publisher\" content=\"https:\/\/www.facebook.com\/profile.php?id=61550667375401\" \/>\n<meta property=\"article:modified_time\" content=\"2026-02-18T21:20:49+00:00\" \/>\n<meta property=\"og:image\" content=\"http:\/\/doucehalte.fr\/wp-content\/uploads\/2023\/09\/Design-sans-titre-1-copie-1-e1695397571359.png\" \/>\n<meta name=\"twitter:card\" content=\"summary_large_image\" \/>\n<meta name=\"twitter:label1\" content=\"Est. reading time\" \/>\n\t<meta name=\"twitter:data1\" content=\"2 minutes\" \/>\n<script type=\"application\/ld+json\" class=\"yoast-schema-graph\">{\"@context\":\"https:\/\/schema.org\",\"@graph\":[{\"@type\":\"WebPage\",\"@id\":\"https:\/\/doucehalte.fr\/?page_id=28\",\"url\":\"https:\/\/doucehalte.fr\/?page_id=28\",\"name\":\"\u00c0 propos de\",\"isPartOf\":{\"@id\":\"https:\/\/doucehalte.fr\/#website\"},\"datePublished\":\"2023-09-11T14:28:26+00:00\",\"dateModified\":\"2026-02-18T21:20:49+00:00\",\"description\":\"Vous cherchez une p\u00e2tisserie color\u00e9e et gustative sur Montauban, venez d\u00e9couvrir mon univers.\",\"breadcrumb\":{\"@id\":\"https:\/\/doucehalte.fr\/?page_id=28#breadcrumb\"},\"inLanguage\":\"en-US\",\"potentialAction\":[{\"@type\":\"ReadAction\",\"target\":[\"https:\/\/doucehalte.fr\/?page_id=28\"]}]},{\"@type\":\"BreadcrumbList\",\"@id\":\"https:\/\/doucehalte.fr\/?page_id=28#breadcrumb\",\"itemListElement\":[{\"@type\":\"ListItem\",\"position\":1,\"name\":\"Accueil\",\"item\":\"https:\/\/doucehalte.fr\/\"},{\"@type\":\"ListItem\",\"position\":2,\"name\":\"\u00c0 propos de\"}]},{\"@type\":\"WebSite\",\"@id\":\"https:\/\/doucehalte.fr\/#website\",\"url\":\"https:\/\/doucehalte.fr\/\",\"name\":\"Douce Halte\",\"description\":\"\",\"publisher\":{\"@id\":\"https:\/\/doucehalte.fr\/#organization\"},\"potentialAction\":[{\"@type\":\"SearchAction\",\"target\":{\"@type\":\"EntryPoint\",\"urlTemplate\":\"https:\/\/doucehalte.fr\/?s={search_term_string}\"},\"query-input\":\"required name=search_term_string\"}],\"inLanguage\":\"en-US\"},{\"@type\":\"Organization\",\"@id\":\"https:\/\/doucehalte.fr\/#organization\",\"name\":\"P\u00e2tisserie\",\"url\":\"https:\/\/doucehalte.fr\/\",\"logo\":{\"@type\":\"ImageObject\",\"inLanguage\":\"en-US\",\"@id\":\"https:\/\/doucehalte.fr\/#\/schema\/logo\/image\/\",\"url\":\"https:\/\/doucehalte.fr\/wp-content\/uploads\/2023\/09\/cropped-cropped-Capture-decran-2023-09-05-a-16.43.10-3.png\",\"contentUrl\":\"https:\/\/doucehalte.fr\/wp-content\/uploads\/2023\/09\/cropped-cropped-Capture-decran-2023-09-05-a-16.43.10-3.png\",\"width\":512,\"height\":381,\"caption\":\"P\u00e2tisserie\"},\"image\":{\"@id\":\"https:\/\/doucehalte.fr\/#\/schema\/logo\/image\/\"},\"sameAs\":[\"https:\/\/www.facebook.com\/profile.php?id=61550667375401\",\"https:\/\/www.instagram.com\/doucehalte\/\"]}]}<\/script>\n<!-- \/ Yoast SEO plugin. -->","yoast_head_json":{"title":"\u00c0 propos de","description":"Vous cherchez une p\u00e2tisserie color\u00e9e et gustative sur Montauban, venez d\u00e9couvrir mon univers.","robots":{"index":"index","follow":"follow","max-snippet":"max-snippet:-1","max-image-preview":"max-image-preview:large","max-video-preview":"max-video-preview:-1"},"canonical":"https:\/\/doucehalte.fr\/?page_id=28","og_locale":"en_US","og_type":"article","og_title":"\u00c0 propos de","og_description":"Vous cherchez une p\u00e2tisserie color\u00e9e et gustative sur Montauban, venez d\u00e9couvrir mon univers.","og_url":"https:\/\/doucehalte.fr\/?page_id=28","og_site_name":"DOUCE HALTE","article_publisher":"https:\/\/www.facebook.com\/profile.php?id=61550667375401","article_modified_time":"2026-02-18T21:20:49+00:00","og_image":[{"url":"http:\/\/doucehalte.fr\/wp-content\/uploads\/2023\/09\/Design-sans-titre-1-copie-1-e1695397571359.png"}],"twitter_card":"summary_large_image","twitter_misc":{"Est. reading time":"2 minutes"},"schema":{"@context":"https:\/\/schema.org","@graph":[{"@type":"WebPage","@id":"https:\/\/doucehalte.fr\/?page_id=28","url":"https:\/\/doucehalte.fr\/?page_id=28","name":"\u00c0 propos de","isPartOf":{"@id":"https:\/\/doucehalte.fr\/#website"},"datePublished":"2023-09-11T14:28:26+00:00","dateModified":"2026-02-18T21:20:49+00:00","description":"Vous cherchez une p\u00e2tisserie color\u00e9e et gustative sur Montauban, venez d\u00e9couvrir mon univers.","breadcrumb":{"@id":"https:\/\/doucehalte.fr\/?page_id=28#breadcrumb"},"inLanguage":"en-US","potentialAction":[{"@type":"ReadAction","target":["https:\/\/doucehalte.fr\/?page_id=28"]}]},{"@type":"BreadcrumbList","@id":"https:\/\/doucehalte.fr\/?page_id=28#breadcrumb","itemListElement":[{"@type":"ListItem","position":1,"name":"Accueil","item":"https:\/\/doucehalte.fr\/"},{"@type":"ListItem","position":2,"name":"\u00c0 propos de"}]},{"@type":"WebSite","@id":"https:\/\/doucehalte.fr\/#website","url":"https:\/\/doucehalte.fr\/","name":"Douce Halte","description":"","publisher":{"@id":"https:\/\/doucehalte.fr\/#organization"},"potentialAction":[{"@type":"SearchAction","target":{"@type":"EntryPoint","urlTemplate":"https:\/\/doucehalte.fr\/?s={search_term_string}"},"query-input":"required name=search_term_string"}],"inLanguage":"en-US"},{"@type":"Organization","@id":"https:\/\/doucehalte.fr\/#organization","name":"P\u00e2tisserie","url":"https:\/\/doucehalte.fr\/","logo":{"@type":"ImageObject","inLanguage":"en-US","@id":"https:\/\/doucehalte.fr\/#\/schema\/logo\/image\/","url":"https:\/\/doucehalte.fr\/wp-content\/uploads\/2023\/09\/cropped-cropped-Capture-decran-2023-09-05-a-16.43.10-3.png","contentUrl":"https:\/\/doucehalte.fr\/wp-content\/uploads\/2023\/09\/cropped-cropped-Capture-decran-2023-09-05-a-16.43.10-3.png","width":512,"height":381,"caption":"P\u00e2tisserie"},"image":{"@id":"https:\/\/doucehalte.fr\/#\/schema\/logo\/image\/"},"sameAs":["https:\/\/www.facebook.com\/profile.php?id=61550667375401","https:\/\/www.instagram.com\/doucehalte\/"]}]}},"_links":{"self":[{"href":"https:\/\/doucehalte.fr\/index.php?rest_route=\/wp\/v2\/pages\/28"}],"collection":[{"href":"https:\/\/doucehalte.fr\/index.php?rest_route=\/wp\/v2\/pages"}],"about":[{"href":"https:\/\/doucehalte.fr\/index.php?rest_route=\/wp\/v2\/types\/page"}],"author":[{"embeddable":true,"href":"https:\/\/doucehalte.fr\/index.php?rest_route=\/wp\/v2\/users\/1"}],"replies":[{"embeddable":true,"href":"https:\/\/doucehalte.fr\/index.php?rest_route=%2Fwp%2Fv2%2Fcomments&post=28"}],"version-history":[{"count":45,"href":"https:\/\/doucehalte.fr\/index.php?rest_route=\/wp\/v2\/pages\/28\/revisions"}],"predecessor-version":[{"id":1017,"href":"https:\/\/doucehalte.fr\/index.php?rest_route=\/wp\/v2\/pages\/28\/revisions\/1017"}],"wp:attachment":[{"href":"https:\/\/doucehalte.fr\/index.php?rest_route=%2Fwp%2Fv2%2Fmedia&parent=28"}],"curies":[{"name":"wp","href":"https:\/\/api.w.org\/{rel}","templated":true}]}}